3 is divided by t(o)?
11
What is the remainder when 472 is divided by 33/33*(-3 + 121)?
0
Let g = 66 - 43. Let k(w) = -w**3 + 7*w**2 + w - 4. Let n be k(8). What is the remainder when g is divided by (2/(-5))/((0 + 3)/n)?
7
Suppose 0 = -4*r + 16, 3*c - 7*c - 7*r = -344. What is the remainder when 8099/52 - (-6)/(-8) is divided by c?
76
Let h(k) = k**3 - 4*k**2 + 8*k + 15. Let v = -287 + 292. What is the remainder when h(v) is divided by 9?
8
Let q be (-5310)/(-75)*15/(-6). What is the remainder when 138 is divided by (q/(-4))/3 - 465/620?
12
Suppose 537*i = 556*i - 247. Calculate the remainder when 51 is divided by i.
12
Suppose 0 = 3*f + 4*f - 77. Suppose -7*y + f*y = -2*t + 70, 4*y = 2*t - 102. What is the remainder when 170 is divided by t?
41
Let x be 12/(-8)*8/3 + -1. Let t be (-4344)/(-40) + (-2)/x. Suppose -t = 7*k - 459. What is the remainder when k is divided by 13?
11
Let a = 328 - 201. Let i(k) = k**2 - 6*k. Let s be i(6). Suppose -x + 4*g + 24 = s, -225 = -5*x + 3*g - 71. What is the remainder when a is divided by x?
31
Let b = 861 - 857. Suppose -123 + 363 = 4*f. Calculate the remainder when f/100*(1 - -14) is divided by b.
1
Suppose n - 5*n = -w + 497, 509 = -4*n - 3*w. Let r = n + 187. Calculate the remainder when r is divided by 8.
6
Suppose 2097 + 15015 = 124*d. What is the remainder when 548 is divided by d?
134
Let g(j) = 174*j - 14698. What is the remainder when 6247 is divided by g(85)?
83
Let o = 2782 + -2749. What is the remainder when 819 is divided by o?
27
Let t = -87 - -89. Suppose 2*d = t + 18. Suppose -d*s - 33 = -333. What is the remainder when 58 is divided by s?
28
Suppose 5168 = -13*m + 384. Let w = 527 + m. What is the remainder when w is divided by 16?
15
Suppose -5*w = 5*d - 15, -11*w + 10*w - 27 = -5*d. What is the remainder when 59 is divided by -4*(204/(-16) + d)?
28
Let b(q) = q + 2. Let g be (1 + -1)*(9 + -8). Let m be b(g). Suppose m*w - 3*a = 35, w - 31 = -w - a. Calculate the remainder when 60 is divided by w.
12
Let y be -4 + 1 - (-3 + -1). Let w be -23 - -7 - y/(3 - 2). Let s = 31 + w. What is the remainder when 68 is divided by s?
12
Let o(v) = 4*v**2 + 11*v + 26. Let g be o(-2). Let c = g + 178. What is the remainder when c is divided by 25?
23
Let t(j) = 7*j**2 - 10*j + 7. Suppose 0 = -2*g - 2*k + 1 - 3, 2*k = -8. Calculate the remainder when 197 is divided by t(g).
37
Suppose 3*r - 614 = 907. Let f = 805 - r. Suppose 8*c - 878 = f. Calculate the remainder when c is divided by 37.
36
Let c(o) = -37*o**2 + 25*o + 4. Let l be c(-4). Let g = 1381 + l. Calculate the remainder when g is divided by 24.
21
Let m = 2425 - 1353. Calculate the remainder when m is divided by 219.
196
Let l(r) = -341*r + 4470. What is the remainder when l(5) is divided by 38?
29
Suppose -40 + 4 = -4*n. Suppose -26*u + 3680 = -10*u. Let w = u - 215. Calculate the remainder when w is divided by n.
6
Let h(j) = 2*j**3 - 5*j**2 + 4*j + 9. Let u(g) = g**3 - 2*g**2 + 2*g + 5. Let i(n) = 6*h(n) - 11*u(n). Calculate the remainder when i(8) is divided by 7.
1
Let l(m) = -m**3 + 185*m**2 - 906*m + 1090. What is the remainder when 97 is divided by l(180)?
7
Let j = 53 - 106. Let x = 90 + j. Calculate the remainder when x is divided by 15.
7
Suppose -1747 = -43*d + 129747. What is the remainder when d is divided by 85?
83
Let o(z) = 3*z + 50. What is the remainder when o(-8) is divided by 15?
11
Suppose -56*v - 28 = -63*v. Suppose -9 = 3*w - 213. What is the remainder when w is divided by v?
0
Let j(l) = -l**2 + 22*l - 60. Calculate the remainder when (-34 - -28) + (7 - 3 - -55) is divided by j(17).
3
Suppose -3*i - 9 = -21, 4*i = 4*l - 4. Suppose -3*g + 48 = g. Calculate the remainder when g is divided by l.
2
Let b = 10 + -2. Suppose -b*h + 10*h = -80. Let y = h - -44. Calculate the remainder when 26 is divided by y.
2
Let d = 5185 - 3668. What is the remainder when d is divided by 169?
165
Suppose -4*m = 3*b - 146, 0 = 2*m + b - 30 - 42. Calculate the remainder when (492/28)/(5/m) is divided by 31.
30
Suppose -432*f = -73*f - 194453 - 404718. What is the remainder when f is divided by 76?
73
Let m be (-7)/(-21) + (57/9)/(-1). What is the remainder when m/(-8) + 1701/84 is divided by 6?
3
Let j = 105 - 3. Suppose -79 - 1 = -4*q. Calculate the remainder when (-16 - -2)/((-12)/j) is divided by q.
19
Suppose 0 = -3*a - 3*c + 315, 3*a = -8*c + 6*c + 319. What is the remainder when 463 is divided by a?
27
Let h = 169 - 453. Let x = -166 - h. What is the remainder when x is divided by 10?
8
Suppose 5*i + 427 - 1037 = 0. Let v(c) = -67*c**3 + 3*c**2 - c. Let n be v(1). Let u = -24 - n. What is the remainder when i is divided by u?
40
Let k be -4*1/(0 - (-10)/(-5)). Suppose 4*m - 44 = 5*a, 0*m - k*m + 28 = -a. Let w = 48 + 29. Calculate the remainder when w is divided by m.
13
Let z be ((-4)/14)/(-3*(-7)/(-441)). Suppose 46 = -z*t + 292. What is the remainder when t is divided by 6?
5
Suppose 0 = 2905*w - 2947*w + 588. What is the remainder when ((-10)/(-3))/((-2)/(-12)) is divided by w?
6
Let t(p) = -31*p**3 - 2*p**2 - 3*p. Suppose 37*u = 33*u - 4*g + 196, g - 173 = -3*u. What is the remainder when t(-2) is divided by u?
60
Calculate the remainder when -15 + 9357 + 48/(-16) is divided by 18.
15
Suppose 4*y + 50 - 66 = 0. What is the remainder when 12*((-11)/y - -4) is divided by 7?
1
Let x be 26 - 8 - (0 + 6). Let r(o) = o**2 + o - 61. Calculate the remainder when r(x) is divided by 14.
11
Let s = -18 + 5. Let g(c) = c**3 + 16*c**2 + 23*c - 20. Calculate the remainder when g(s) is divided by 63.
62
Let o be 1*54 + (10 - 11). Let f = 92 - o. Let m = -12 + 22. What is the remainder when f is divided by m?
9
Let p = -1255 - -1268. Suppose -8*b + 10*b = 28. Suppose b = 5*h + s, 2 - 4 = -2*h - 4*s. What is the remainder when p is divided by h?
1
Let w(s) = 2*s**2 - 8*s - 7. Let l = -112 - -110. Suppose 0 = r - 3*h - 1, -h + 16 = 5*r - 3*r. Calculate the remainder when w(l) is divided by r.
3
What is the remainder when (2 - (-12)/(-10))/((-38)/(-32015)) is divided by 113?
109
Suppose 3*h + 15*a - 4446 = 12*a, -2*h = 4*a - 2964. Calculate the remainder when h is divided by 32.
10
Let p = 16 - -23. Let s = 580 - 616. What is the remainder when ((-759)/44 + 13)/(1/s) is divided by p?
36
Suppose 7104 = -47*d + 41*d. Calculate the remainder when d/(-224) - 2/7 - -69 is divided by 4.
2
Let b = 84 + -146. Let q = 220 + b. Suppose 104 = 2*x - j, 4*x - 86 - 134 = -j. What is the remainder when q is divided by x?
50
Suppose 3*b - 22 = 47. Suppose -42784*c = -42686*c - 19992. Calculate the remainder when c is divided by b.
20
Suppose -p + 154 = p. Calculate the remainder when (-1)/((-22)/33 + -5 + 15384/2718) is divided by p.
74
Suppose 4272 = 22*o - 3286 - 3024. What is the remainder when o is divided by 5?
1
Let k = -88 - -63. Let w = k - -40. What is the remainder when 38 is divided by w?
8
Suppose h = 0, -2*l = -5*h + h + 6. Let t(g) = g**3 + 5*g**2 + g. Suppose 5*d - 496 = -56. What is the remainder when d is divided by t(l)?
13
Suppose 264 = -2*w + 5*g + 323, 0 = -2*w + g + 87. Calculate the remainder when 12781 is divided by w.
44
Let w be -6 - -7 - -1 - -3. Let d(l) = 3*l**3 - 7*l**2 + 3*l + 16. Calculate the remainder when d(w) is divided by 13.
10
Suppose 5*j = 97*s - 102*s + 255, -5*j + 262 = 4*s. What is the remainder when 632 is divided by j?
52
Suppose 0 = -242*h + 239*h - 4*o + 2474, 4*h - 3280 = 4*o. Calculate the remainder when h is divided by 202.
14
Suppose -3*y + 6 = 18*b - 23*b, 5*b = 15. Suppose 20*t + y*t - 108 = 0. What is the remainder when 8 is divided by t?
0
Let z(s) = -s**3 + 4*s**2 + 3*s - 2. Let f = 117 - 103. Let u = 7 + f. Calculate the remainder when z(-5) is divided by u.
19
Calculate the remainder when 333 is divided by (372 - 8)*10/70.
21
Let w be (2 - 0)*(-209 - 10/2). Let c = w + 481. What is the remainder when 207 is divided by c?
48
Suppose 0 = -5*d + 2*d + 21. Suppose -2*o + d*o = 110. Let h(u) = -u**2 + 24*u - 27. What is the remainder when h(9) is divided by o?
20
Suppose -5*c + 62 + 8 = 0. Suppose -c*v = -1851 + 143. Calculate the remainder when v is divided by 24.
2
Let l(g) = -36*g - 182. What is the remainder when l(-9) is divided by -2*1*(-24)/4?
10
Let a(u) = u**3 - 5*u**2 + 12*u - 17. Let n be a(8). Le